s 4029331 a prime number?
True
Is 870342197 a composite number?
False
Is 47221 composite?
False
Is 484960603 composite?
True
Is 2061847 composite?
False
Is 7538299 a composite number?
True
Is 4265119 prime?
True
Is 16684961 prime?
True
Is 11036953 prime?
False
Is 2859127 prime?
False
Is 227558467 prime?
False
Is 70147477 composite?
False
Is 6344677 prime?
False
Is 522015547 a prime number?
True
Is 128959 composite?
False
Is 3412987 composite?
False
Is 9522607 composite?
False
Is 2422723 prime?
False
Is 22712458 composite?
True
Is 2629811 composite?
False
Is 26932487 composite?
False
Is 47085799 a prime number?
True
Is 27689621 a prime number?
True
Is 60413702 a prime number?
False
Is 88721 a prime number?
True
Is 45975673 a prime number?
True
Is 8606887 a prime number?
False
Is 40893019 composite?
False
Is 17707549 a prime number?
True
Is 65804629 prime?
False
Is 430259 prime?
True
Is 1818613 a prime number?
False
Is 13741567 a prime number?
False
Is 2298262 composite?
True
Is 3241187 a prime number?
False
Is 3587099 a composite number?
False
Is 23094283 composite?
False
Is 959809 a prime number?
True
Is 5549317 a prime number?
False
Is 216871579 a composite number?
False
Is 29116129 composite?
True
Is 3617041 composite?
True
Is 164259007 a prime number?
False
Is 1746007 prime?
True
Is 26704001 a prime number?
True
Is 3099787 a prime number?
False
Is 6291971 a prime number?
False
Is 4740779 a composite number?
False
Is 52293611 prime?
False
Is 13930589 prime?
True
Is 1522691 a composite number?
False
Is 1313041 a prime number?
True
Is 58697339 prime?
True
Is 270494201 composite?
True
Is 7145759 composite?
False
Is 2903179 a composite number?
False
Is 21231163 composite?
True
Is 327413 a prime number?
False
Is 238337009 composite?
True
Is 45838571 prime?
True
Is 4666573 prime?
False
Is 96100181 a prime number?
False
Is 287659 prime?
False
Is 32225051 a prime number?
True
Is 8029739 a composite number?
False
Is 5348333 a composite number?
False
Is 151405871 composite?
False
Is 34218727 prime?
True
Is 3625189 prime?
False
Is 700327 composite?
True
Is 27696367 a composite number?
False
Is 12673357 composite?
False
Is 91018549 composite?
False
Is 37211 a prime number?
False
Is 15513221 a composite number?
True
Is 3375569 prime?
True
Is 3999302 composite?
True
Is 19768157 a prime number?
True
Is 24776139 a prime number?
False
Is 14461309 composite?
True
Is 1167653 composite?
False
Is 238394339 a prime number?
True
Is 2788849 a composite number?
True
Is 3830803 composite?
False
Is 15905677 prime?
True
Is 4056821 prime?
False
Is 141783137 a composite number?
False
Is 1193399 a prime number?
True
Is 10331245 a composite number?
True
Is 42551471 composite?
True
Is 45709973 prime?
True
Is 8199029 prime?
True
Is 852843073 a prime number?
True
Is 222559 composite?
True
Is 175051 a composite number?
True
Is 20291731 a composite number?
False
Is 4277463 a composite number?
True
Is 1353953 composite?
True
Is 2325559 a composite number?
False
Is 146502739 composite?
False
Is 6293561 prime?
True
Is 429181979 prime?
True
Is 1038143 composite?
False
Is 5179019 a prime number?
True
Is 381424727 composite?
True
Is 26141299 prime?
False
Is 16811731 prime?
True
Is 9256801 a composite number?
True
Is 555439 a prime number?
True
Is 20120323 composite?
False
Is 61605289 composite?
False
Is 30465599 prime?
True
Is 1092497 prime?
False
Is 2391761 a composite number?
True
Is 300289 composite?
True
Is 58323341 prime?
True
Is 2979013 composite?
False
Is 6559001 a prime number?
True
Is 8711173 a prime number?
False
Is 10323559 composite?
True
Is 20518577 prime?
True
Is 30191311 a composite number?
False
Is 914117 a composite number?
False
Is 12684437 a prime number?
False
Is 214835 a prime number?
False
Is 75348899 a prime number?
True
Is 17031647 prime?
False
Is 2382607 a composite number?
False
Is 402103 composite?
True
Is 4975631 composite?
False
Is 26968951 composite?
True
Is 72874073 composite?
False
Is 305117849 a composite number?
True
Is 199015789 prime?
False
Is 4813663 a composite number?
True
Is 446807 prime?
False
Is 104439731 prime?
False
Is 806419 composite?
True
Is 1774609 prime?
True
Is 29351881 a composite number?
True
Is 523726193 composite?
False
Is 5403007 composite?
False
Is 13109597 a prime number?
True
Is 466955803 a composite number?
False
Is 3991867 prime?
False
Is 40117533 composite?
True
Is 11519 a composite number?
False
Is 1497253 composite?
False
Is 83272051 composite?
False
Is 1648085 composite?
True
Is 769507 a composite number?
True
Is 26311907 a prime number?
True
Is 55987007 a prime number?
True
Is 312860753 a prime number?
True
Is 806237 prime?
False
Is 5126951 prime?
False
Is 109848413 a prime number?
True
Is 87538379 composite?
False
Is 9585827 a composite number?
False
Is 46214527 composite?
False
Is 114148123 prime?
False
Is 4469783 a prime number?
False
Is 108995417 a composite number?
False
Is 2318237 prime?
True
Is 191377 a prime number?
False
Is 5091467 composite?
False
Is 89103361 a prime number?
True
Is 38367529 a prime number?
True
Is 17792765 a prime number?
False
Is 7369 a prime number?
True
Is 6667781 a composite number?
False
Is 91536013 composite?
False
Is 6568907 composite?
True
Is 3794255 a composite number?
True
Is 683843 prime?
True
Is 577295 a prime number?
False
Is 5073839 a composite number?
False
Is 1316657 prime?
True
Is 1642211 a composite number?
False
Is 3070517 a composite number?
True
Is 96701357 composite?
True
Is 8554223 composite?
False
Is 7771763 a prime number?
False
Is 20564255 composite?
True
Is 53689 composite?
True
Is 31153007 composite?
False
Is 12383935 composite?
True
Is 30479119 prime?
False
Is 441974129 composite?
False
Is 2516987977 a composite number?
True
Is 145736819 a composite number?
False
Is 3656759 composite?
True
Is 180412963 prime?
False
Is 32490343 prime?
False
Is 90513631 composite?
True
Is 34837 composite?
True
Is 988889 composite?
True
Is 59972789 composite?
False
Is 4770503 composite?
True
Is 143637001 a prime number?
False
Is 988721 composite?
True
Is 279359 a prime number?
False
Is 131533169 a composite number?
False
Is 62104417 a prime number?
False
Is 6795491 a prime number?
True
Is 136360241 a composite number?
True
Is 26954243 a composite number?
True
Is 28082689 prime?
True
Is 2829083 a composite number?
False
Is 14319251 prime?
True
Is 33479261 prime?
True
Is 19386071 a prime number?
False
Is 16411633 a composite number?
True
Is 1156339 a composite number?
True
Is 182615 composite?
True
Is 8940941 composite?
True
Is 4325473 a composite number?
False
Is 191449834 composite?
True
Is 3483829 a composite number?
True
Is 3476141 prime?
True
Is 55719789 prime?
False
Is 39044507 prime?
False
Is 1203662969 a composite number?
False
Is 183797 composite?
False
Is 422314103 prime?
True
Is 25110851 a prime number?
True
Is 475889 a prime number?
True
Is 466503 a composite number?
True
Is 19816529 a composite number?
False
Is 14623643 a prime number?
True
Is 14191169 composite?
False
Is 500508581 a composite number?
False
Is 54669233 prime?
True
Is 286862881 prime?
True
Is 538397 a prime number?
True
Is 3602281 composite?
True
Is 25625911 composite?
True
Is 14483594 a composite number?
True
Is 6092077 a composite number?
False
Is 1183709 prime?
True
Is 1761289 composite?
False
Is 11062417 a composite number?
False
Is 182855879 a prime number?
True
Is 31721 prime?
True
Is 5595383 a composite number?
True
Is 5504203 a composite number?
True
Is 10175861 prime?
True
Is 5502103 prime?
True
Is 59660203 a composite number?
False
Is 8221929 composite?
True
Is 404243647 prime?
True
Is 15214607 a prime number?
True
Is 39218077 prime?
True
Is 12972067 composite?
False
Is 29119841 composite?
True
Is 43262959 a prime number?
True
Is 238400369 prime?
True
Is 7289971 prime?
False
Is 6645841 composite?
True
Is 2594057 a prime number?
True
Is 5324051 prime?
True
Is 682143347 a prime number?
True
Is 32762687 a prime number?
True
Is 39070643 a prime number?
False
Is 362224361 prime?
True
Is 475103 composite?
False
Is 2175151 composite?
True
Is 49949309 a prime number?
False
Is 8099219 composite?
False
Is 1045769 composite?
True
Is 1075307 prime?
False
Is 8870263 composite?
True
Is 127987007 a composit